the greatest common factor of 20 and f?
10
Let g(s) = s**3 + 29*s**2 + 139*s + 7. Let a be g(-17). Calculate the greatest common divisor of a and 695.
139
Suppose 5613 = 5*z - 14*v + 15*v, -v + 6737 = 6*z. What is the highest common divisor of z and 4?
4
Suppose -57 - 39 = -12*o. Let h(l) = 54*l**2 - l - 48. Let y be h(o). Suppose -y = -4*w - 6*w. Calculate the highest common factor of w and 17.
17
Let m(g) = -g**2 + 111*g - 1410. Let l be m(90). Calculate the greatest common divisor of 4160 and l.
160
Let f(r) = 0 + 9 - 2 - 1 + 72*r. Let g be f(-2). Let q = g + 210. What is the greatest common factor of q and 8?
8
Let i = -3075 - -12816. What is the highest common divisor of i and 51?
51
Suppose 17*f + 3*f - 721 = 1699. Calculate the greatest common factor of f and 5.
1
Let l = -3269 + 3374. What is the highest common divisor of l and 165?
15
Suppose 40 = -4*x + 60, -4*z - x = -1253. What is the greatest common divisor of 195 and z?
39
Suppose 0 = -6*z + 3*z + 1176. Let q = 369543 + -369536. What is the highest common factor of q and z?
7
Suppose -15*g = -13*g - 130. Suppose -g = -42*f + 41*f. Suppose 2*s - f = -5*d, -s - 40 - 10 = -3*d. What is the greatest common factor of d and 15?
15
Suppose -88 = -7*t - 4*t. Calculate the greatest common factor of 290 and t.
2
Let n be 43/(215/70) + 1834. Calculate the greatest common divisor of 108 and n.
12
Suppose -134119 = -89*f + 44567 + 72294. Calculate the greatest common divisor of 720 and f.
60
Let n = -240 + 370. What is the highest common divisor of n and 3900?
130
Let f = -9379 - -11527. What is the highest common factor of f and 24?
12
Let c be -2*(-2 - -117) + -5. Let q = c - -275. Let w(z) = 4*z**2 + 8*z + 4. Let v be w(-6). Calculate the highest common divisor of v and q.
20
Let f(q) = -41*q - 142. Let o be f(-6). Suppose -6*p + o = -112. Calculate the highest common divisor of 45 and p.
9
Let r be -41*(-6 - 8/(72/(-27))). What is the highest common divisor of 451 and r?
41
Let w be (5/(-3))/(0 + (-20)/24). Let v(r) = 27*r**3 - 8*r + 8. Let n be v(w). Calculate the greatest common divisor of n and 13.
13
Let u be (-2527)/(-42) + -5 - 7/42. What is the greatest common divisor of 33 and u?
11
Let i(t) = t**2 - 157*t + 262. Let u be i(156). What is the highest common divisor of u and 57346?
106
Let g(p) = -9*p + 60. Let m(t) = 5*t - 30. Let a(d) = -2*g(d) - 5*m(d). Let z be a(-12). Calculate the highest common divisor of 133 and z.
19
Let y(g) = -g**2 - 209*g + 1073. Let h be y(5). Let i(t) = 39*t - 1. Let z be i(1). Suppose -z = -h*b + b. Calculate the highest common divisor of b and 19.
19
Suppose 39 = 33*z - 30*z. Let f(v) = 12*v - 2*v**2 + 6*v**2 + 2 - 2 - z. Let g be f(-7). What is the highest common factor of 11 and g?
11
Let i(j) = 147*j + 5128. Let n be i(-3). What is the greatest common divisor of n and 327?
109
Let n be (-36)/(22 - 26 - -2). What is the greatest common divisor of n and 13122?
18
Let m be 2 - ((-101 - -25) + 1*3). Let l = m - 71. Calculate the highest common factor of 11 and l.
1
Let n(f) = 25*f**3 + 181*f**2 + 9*f - 3. Let j be n(-7). Calculate the greatest common divisor of j and 608.
76
Let k = 47 + 22. Let g = -10718 + 10879. Calculate the greatest common factor of k and g.
23
Suppose -3*p = -2*d - 3*d - 3, -4*d = 2*p - 24. Let g be 11 - -2 - (-5 + p). Calculate the greatest common factor of 36 and g.
12
Suppose 259 = 4*s - 245. Suppose -74 = -10*h + s. Let d(j) = j + 1. Let f be d(4). What is the greatest common divisor of f and h?
5
Let v(m) = -m**2 + 7*m + 2. Suppose -4*l + 33 = 5. Let i be v(l). Let b be 0/i + (-8)/(8/(-15)). Calculate the highest common divisor of 75 and b.
15
Suppose 0*g = -7*g + 4*g + 1083. What is the highest common factor of 95 and g?
19
Let k = -5223 - -6336. What is the greatest common divisor of 483 and k?
21
Let t(u) = u**2 + 4*u + 35. Let q be t(-14). Let f be (-10)/25 + (-377)/(-5). What is the greatest common divisor of q and f?
25
Let g(d) = 14*d**2 + 236*d - 41. Let k be g(-18). What is the highest common divisor of k and 611?
13
Let p be (-186709)/(-17) + (-6)/5*(-265)/2703. What is the highest common divisor of p and 84?
21
Let o = -30 - -49. Let i = o + -7. Let l(t) = t**3 - 9*t**2 + 7*t + 12. Let p be l(8). Calculate the highest common divisor of i and p.
4
Let b = -1760 + 2678. Calculate the highest common factor of b and 135.
27
Let n(j) = -267*j - 775. Let g be n(-3). Suppose 2*c + 5*z - 572 = 0, 5*z + 572 = 2*c + 4*z. What is the highest common divisor of g and c?
26
Let v = -21 + 34. Suppose 30 = v*d - 8*d. Suppose d = 3*m, 2*m = 3*l - 0*m - 38. Calculate the highest common factor of l and 126.
14
Let u be (5019/(-105) - -19)*20/(-3). What is the highest common divisor of u and 176?
16
Let x(q) = -5*q + 2. Let i be x(-8). Let f = -14101 + 15655. Calculate the highest common factor of f and i.
42
Suppose 0 = -109*t + 105 + 2511. Let i be (-5 + 1)*(-213)/4. Suppose -u + i = 21. What is the highest common factor of u and t?
24
Let n(t) = -6 + t**2 - 7 - 5 + 21 - 14*t. Let h be n(17). Suppose -3*u - 4*i + 18 = 0, 3*u - 24 = -u + 5*i. What is the highest common divisor of u and h?
6
Let z = -243 - -205. Let u be 4/(-38) + (-5020)/z. What is the highest common factor of u and 88?
44
Let c(m) = 1317*m + 7824. Let j be c(-5). Calculate the highest common divisor of 531 and j.
177
Let r(g) = -3*g + 30. Let j be r(-15). Calculate the greatest common factor of j and 2525.
25
Suppose 4*f = 16, f = 4*w + 2*f - 92. Suppose 50 = 14*g - 4*g. Suppose 3*x = -15, 2*h - 58 = -h + g*x. What is the highest common divisor of h and w?
11
Let z be (-3)/15 - 166/(-5). Suppose 0 = -5*m - 3*k + 70, 7 = -8*m + 9*m + 2*k. Suppose -13*l + m*l - 264 = 0. What is the greatest common factor of z and l?
33
Suppose 5*k = -3*i + 55, 0*k = 2*i - 3*k - 43. Let o = 19 - i. Let x = 9 + o. Calculate the greatest common factor of 8 and x.
8
Let l be 882/16 + 4/(-32). Suppose g = 2*g - 5*a + 8, -g - 2 = a. Let t be 22*((g - -4) + 0). What is the highest common factor of l and t?
11
Let f be (-4)/(-14) - (-30)/(-7). Let u be (-1)/(-2) + 122/f. Let i be (36/u)/(1/(-10)). What is the highest common factor of 4 and i?
4
Suppose 244 = 4*w - 2*f - 168, 4*f = 8. Calculate the greatest common divisor of 572 and w.
52
Suppose -4*g + 556 = -2*w, -2*w + w = -4*g + 556. Suppose -4*o - g + 355 = 0. Calculate the greatest common factor of o and 81.
27
Let v be (53964/8 - -11) + (-3)/(-6). What is the greatest common factor of 466 and v?
233
Suppose -3*s + d - 5*d + 1506 = 0, 0 = 5*d - 45. What is the greatest common factor of s and 630?
70
Suppose -9*n - 4*w = -330 + 80, -2*n + 3*w + 75 = 0. Calculate the highest common divisor of n and 624.
6
Let l = 4802 + -4762. What is the highest common divisor of 5760 and l?
40
Suppose -2*z + 82 = -4. Suppose -68 = -i + 4*u, 0 = -i - 3*u + 4 + z. What is the greatest common factor of i and 42?
14
Suppose l - 240*k + 237*k - 200 = 0, 4*k = 16. Suppose -4*t + 4 = -2*t + z, -2*t - 2*z = 0. Calculate the highest common divisor of l and t.
4
Suppose 5*i - 19 = -3*h, -15*h - 8 = 2*i - 19*h. Suppose -i*q - 476 = -4*q. What is the highest common divisor of q and 14?
14
Let n(t) = 41*t + 7 - 13*t + 0. Let m be n(7). Let p = m + -43. Calculate the greatest common divisor of 64 and p.
32
Let f = 7232 - 7142. What is the highest common factor of f and 2745?
45
Suppose -23*l + 21*l = -4*q - 16856, 0 = -l + 3*q + 8432. What is the greatest common divisor of l and 20?
20
Let g = 1978 + -1806. What is the greatest common divisor of g and 43?
43
Let f = -3270 - -3292. Suppose 5*m + 4*d = -5, 2*m - 4*m + 5*d = -31. Let q be m/(-3 - -6) - -109. What is the highest common divisor of q and f?
22
Suppose -4*f + 5*g = -85704, 85*f + 21460 = 86*f + 3*g. Calculate the highest common divisor of f and 92.
92
Suppose 479 = 3*x - 59*y, 4*x + 10*y - 5*y - 53 = 0. What is the greatest common factor of 106 and x?
2
Let b = -93 - -188. Let x(g) = g**3 - 5*g**2 - 4*g + 7. Let a be x(5). Let v = 32 + a. What is the greatest common divisor of b and v?
19
Let o = -487 - -165. Let n = o - -350. What is the highest common factor of n and 308?
28
Let y = 101 - 95. Suppose -y*n = -4*n + 5*g - 58, -4*n + 152 = g. Calculate the greatest common factor of n and 9.
3
Let g(f) 